uppose -2*w - 330 = -4*w. Calculate the greatest common divisor of w and b.
15
Let s be (9 - 4) + 1 + -4. Suppose -s*k + 3 = -3. Calculate the highest common factor of k and 15.
3
Suppose x + 1 = 0, 117 = -q - 3*x - 0*x. Let s = q - -174. Suppose -30 = b - 3*b. Calculate the highest common divisor of s and b.
15
Let p be (1 - (3 + -4)) + 13. Suppose -p = 5*c - 180. Calculate the highest common factor of 22 and c.
11
Let g be -3 + (0 - (-2 + 3)). Let v be (-34)/g + 3/(-6). Calculate the highest common divisor of v and 72.
8
Suppose 4*p + 6 = -b - 10, 2*p + 2 = b. Let l(f) = -7*f**2 - 3*f + 1. Let a be l(p). Let h = 103 + a. Calculate the greatest common divisor of 10 and h.
10
Suppose -5 = -x + 5. Suppose 5*d - 56 = -3*n + 3*d, 2*d + x = 0. Suppose 0*z - 99 = -3*z. What is the highest common divisor of z and n?
11
Suppose l = -2*l + 57. Calculate the highest common factor of 19 and l.
19
Let g(u) = 5*u**2 + 14*u - 2. Let i be g(-7). Calculate the greatest common factor of 29 and i.
29
Suppose -5*k + 145 = -80. Let n be 5 - -7 - 3*-1. Calculate the highest common divisor of n and k.
15
Let w = 18 - 5. Calculate the greatest common factor of 117 and w.
13
Let k = 38 - 22. What is the highest common factor of k and 64?
16
Let a = -5 - -9. Suppose 0*l = -a*l + 16. Suppose -26 = -2*z - 0*t - l*t, -3*t - 30 = -4*z. Calculate the greatest common factor of 72 and z.
9
Suppose -2*k = -3*r + 18, -2*k - 35 = -5*r + 3*k. Calculate the greatest common divisor of 12 and r.
4
Suppose 27 = 5*k - 4*g, 2 + 7 = -3*g. Let o be 0/k + -1 + 3. Suppose o*a = 2 + 4. Calculate the highest common factor of 12 and a.
3
Let s be -1 - -1 - (-6)/6. Let f(c) = c - 9. Let q be f(9). Let w = q + 1. What is the highest common divisor of w and s?
1
Let o be (-18)/21*(3 - 2)*-7. Let m = 125 + -77. What is the highest common factor of o and m?
6
Suppose -g - 207 = -4*g. Let m = g + -36. Calculate the greatest common divisor of m and 22.
11
Let z be (6/3 - 0) + 9. Calculate the greatest common divisor of 99 and z.
11
Let p(u) = u**3 + 7*u**2 + u - 5. Let s be p(-5). Let d = -3 - -3. Let w = d - -5. Calculate the greatest common factor of w and s.
5
Suppose p = 4*n - 11 - 9, -3*n = -4*p - 15. Let k = n - 0. Suppose 0 = -2*c - r + 21, 0*r = k*c - r - 63. Calculate the highest common factor of 18 and c.
6
Let i(l) = l**2 + 6*l + 1. Let f be i(-6). Let n = -7 + f. Let k = 18 - n. What is the highest common divisor of k and 12?
12
Let f = -8 - -8. Suppose 3*v = 3*z, v + f*v = 4*z + 15. Let s(g) = -g**2 - 5*g + 2. Let j be s(v). What is the highest common factor of j and 18?
2
Suppose -35 = -5*l - 3*f, 5*f - 12 = 13. What is the highest common factor of 4 and l?
4
Let t be -1*(-6 - -4)*1. Suppose 0 = 3*g + 2*k - 17, 0*g + 3*k = -4*g + 24. Calculate the highest common factor of t and g.
1
Let a(d) = 59*d**2 + 3*d - 2. Let o be a(1). What is the greatest common factor of o and 15?
15
Let y = 3 - -2. Suppose -5*x = y*k - 75, -x - k = 2*x - 43. What is the highest common divisor of 140 and x?
14
Let z(h) = h + 15. Let j be (-2)/(-3) + (-23)/3. Let a be z(j). Let y(o) = -o**2 - 18*o - 8. Let m be y(-8). Calculate the highest common factor of a and m.
8
Let v = -7 - -12. What is the greatest common factor of 2 and v?
1
Let c be 2*(1 - (-1 + 0)). Suppose -c*a = -5*z + 53, -88 + 17 = -5*z - 2*a. What is the greatest common divisor of z and 26?
13
Let q(r) = -3*r - 10 + 2*r - 4*r. Let d be q(-11). Calculate the highest common divisor of d and 18.
9
Let k be (25/(-3))/(7/(-231)). Suppose 0 = 2*m - 44 - 6. What is the greatest common factor of m and k?
25
Suppose -b + 1 = 2*r + 2, 4*r = 5*b + 5. Suppose 4*y + r*y = 448. Suppose -v = 3*v - y. Calculate the highest common factor of v and 7.
7
Let u be 2/(-10) + 12/10. What is the greatest common factor of 9 and u?
1
Let m = 32 + -5. Calculate the highest common factor of m and 9.
9
Suppose -2*j - 5 = -3*j. Suppose -2*t = 3*b - 8*b + 15, j*b - 5 = 4*t. What is the highest common divisor of 40 and b?
5
Let y = -9 - -15. Let v = -4 - -9. Suppose v*f - 138 = 72. What is the highest common divisor of f and y?
6
Suppose 5*d = -2*g + 1191, -g - 2*g = 2*d - 472. Let c = d + -167. Calculate the greatest common factor of 9 and c.
9
Let l(a) = a**2 - 4*a + 2. Let j be l(4). Let u be ((-3)/j)/((-6)/16). Let p be 2*u + (4 - 2). Calculate the greatest common factor of 10 and p.
10
Let s be (-58)/(-5) - 14/(-35). Let m be 18/4*(-16)/(-3). Suppose -2*r = -o + m, 4*r - 3*r + 75 = 4*o. Calculate the highest common divisor of o and s.
6
Suppose 0*g + 4*g - 44 = 0. Suppose 3*m - 3*o - 167 = -m, -o - 173 = -4*m. Calculate the highest common factor of g and m.
11
Let i be (0 + 645)*(-4)/(-10). Let x = -114 + i. Calculate the highest common divisor of 16 and x.
16
Let l(a) = a + 4. Let y be l(6). What is the greatest common divisor of y and 10?
10
Let c be ((-5)/2)/((-2)/4). Suppose c*d - 9 = 11. Calculate the greatest common factor of 36 and d.
4
Suppose 2*v + 5 = 3*r - 6, -5*r + 9 = -v. What is the highest common factor of r and 2?
1
Let a(d) = d**2 - 13*d. Let k be a(14). What is the highest common divisor of k and 42?
14
Suppose f - 10 = -0*x + 3*x, -5*x - 20 = -2*f. Suppose 110 = w - 0*w. What is the highest common divisor of f and w?
10
Let l(t) = -28 - 7*t + t + t**2 + 22. Let b be l(7). Let d(i) = -i**2 + 5*i - 3. Let q be d(4). Calculate the highest common divisor of q and b.
1
Let g = -12 - -24. Suppose 2*j - 66 = 54. What is the greatest common divisor of j and g?
12
Let o(b) = -b - 3. Suppose -3*i - 19 = -1. Let h be o(i). Suppose -10 = -8*t + h*t. Calculate the highest common factor of t and 2.
2
Let b be 9*((-14)/(-2) - 0). Let q(l) = 4*l**2 - 2*l. Let c be q(-3). What is the greatest common factor of b and c?
21
Let q be -1 + 2 - 1 - 0. Suppose q*a + 2*a = 2. Suppose -4*u = t + 5 + 6, -t - 5*u - 14 = 0. Calculate the highest common divisor of t and a.
1
Let o be (4/12*9)/3. What is the highest common divisor of 3 and o?
1
Suppose -4*q = -3904 + 704. Suppose -5*b + q = 5*l - 0*l, 0 = -5*b. What is the highest common factor of 20 and l?
20
Let p = 256 + 358. Suppose -5*k + 760 = -5*b, b = 2*k + 2*k - p. Calculate the highest common divisor of k and 14.
14
Let n be 14/4 - 3/(-6). What is the highest common divisor of 4 and n?
4
Suppose j - 6*j = -45. What is the greatest common divisor of 81 and j?
9
Suppose 0*i - 2*i = -5*w + 20, -4*w + 3*i + 9 = 0. Calculate the highest common factor of w and 18.
6
Let h(x) = 10*x**3 + x**2 + x - 2. Suppose 5*m + u - 7 = 0, 2*m - u - 7 = -0*m. Let j be h(m). What is the highest common divisor of j and 12?
12
Suppose 3*v + 3*p + 2*p = 64, 5*v - p - 116 = 0. Calculate the greatest common factor of v and 69.
23
Suppose 16 = 4*h - 80. Calculate the greatest common divisor of h and 8.
8
Let b be (29 - -1)*(-480)/(-100). What is the highest common factor of b and 32?
16
Let n(f) = -f**3 - 12*f**2 + 6*f + 6. Let x be n(-13). Let m be x + 1 - (-16)/(-8). Calculate the highest common divisor of 12 and m.
12
Let w = 220 + -77. Suppose 3*j - 9 = -i + 4, 5 = 5*i - 5*j. Suppose 0 = -4*k, -b + i*k = 2*b - 39. What is the highest common divisor of b and w?
13
Let j(i) = -i**2 + 12*i - 15. Let l be j(10). Calculate the greatest common factor of l and 15.
5
Let f be 1185/(-75) - 2/10. Let a be (f/(-40))/((-1)/(-125)). What is the highest common divisor of a and 10?
10
Suppose 3*x + 28 = 5*x. Calculate the greatest common divisor of 35 and x.
7
Let r(m) = -m**2 + 3. Let v be r(0). Suppose -4*o - v*p = -475, -6*p - 15 = -p. Let f = 9 - -2. Calculate the highest common factor of o and f.
11
Let f be 10*((-15)/6 + 3). Suppose 30 = c - f*u, -c - u - 50 = -2*c. Suppose o - 44 = -3*o. Calculate the highest common factor of c and o.
11
Let a be 0*(-2)/((-4)/2). Let w(j) = -j**2 - j + 5. Let r be w(a). Suppose -r*t = -32 - 48. What is the greatest common divisor of 2 and t?
2
Let f be 4*((-821)/(-4) - -1). Suppose -4*j = 165 - f. Suppose 2*x - 29 = b, -3*b - b + 79 = 5*x. What is the greatest common factor of x and j?
15
Let w(k) = k**3 - 9*k**2 + 4*k - 2. Let v(g) = g**2 + g - 1. Let x(l) = -2*v(l) - w(l). Let z be x(4). Calculate the highest common divisor of z and 4.
4
Let y = 158 - 140. What is the greatest common divisor of 45 and y?
9
Let a 